{"id":929,"date":"2018-10-24T21:37:12","date_gmt":"2018-10-25T00:37:12","guid":{"rendered":"http:\/\/lafase.cl\/corporacion\/asamblea-general\/"},"modified":"2026-04-15T14:25:29","modified_gmt":"2026-04-15T18:25:29","slug":"assemblee-generale","status":"publish","type":"page","link":"https:\/\/lafase.cl\/fr\/establecimiento\/corporacion\/assemblee-generale\/","title":{"rendered":"Assembl\u00e9e g\u00e9n\u00e9rale"},"content":{"rendered":"<section class=\"wpb-content-wrapper\"><p>[vc_row css=\u00a0\u00bb.vc_custom_1652803003977{background-color: rgba(101,186,242,0.35) !important;*background-color: rgb(101,186,242) !important;}\u00a0\u00bb][vc_column][vc_custom_heading text=\u00a0\u00bbAssembl\u00e9e G\u00e9n\u00e9rale\u00a0\u00bb use_theme_fonts=\u00a0\u00bbyes\u00a0\u00bb][vc_column_text]<\/p>\n<div class=\"wpb_text_column wpb_content_element \">\n<div class=\"wpb_wrapper\" style=\"text-align: justify;\">\n<p data-path-to-node=\"1\">Notre \u00e9tablissement est g\u00e9r\u00e9 par une corporation \u00e0 but non lucratif, dont la mission est de contribuer au d\u00e9veloppement \u00e9ducatif \u00e0 travers un projet biculturel franco-chilien. Cette organisation repose sur une gouvernance participative, o\u00f9 les familles jouent un r\u00f4le pr\u00e9pond\u00e9rant.<\/p>\n<p data-path-to-node=\"2\"><b data-path-to-node=\"2\" data-index-in-node=\"0\">QU\u2019EST-CE QUE L\u2019ASSEMBL\u00c9E G\u00c9N\u00c9RALE DES MEMBRES?<\/b><\/p>\n<p data-path-to-node=\"2\">C\u2019est l\u2019un des principaux espaces de participation de la communaut\u00e9. Les th\u00e8mes cl\u00e9s pour le fonctionnement du lyc\u00e9e y sont pr\u00e9sent\u00e9s et soumis au vote, tels que :<\/p>\n<ul data-path-to-node=\"3\">\n<li>\n<p data-path-to-node=\"3,0,0\">Le rapport annuel du pr\u00e9sident de la Corporation<\/p>\n<\/li>\n<li>\n<p data-path-to-node=\"3,1,0\">L\u2019audit financier<\/p>\n<\/li>\n<li>\n<p data-path-to-node=\"3,2,0\">La proposition des frais de scolarit\u00e9 pour l&rsquo;ann\u00e9e suivante<\/p>\n<\/li>\n<li>\n<p data-path-to-node=\"3,3,0\">L\u2019\u00e9lection de deux membres directeurs repr\u00e9sentant les parents d&rsquo;\u00e9l\u00e8ves<\/p>\n<\/li>\n<\/ul>\n<p data-path-to-node=\"4\">Pour l&rsquo;ann\u00e9e en cours, l\u2019Assembl\u00e9e se tiendra selon le calendrier suivant :<\/p>\n<ul data-path-to-node=\"5\">\n<li>\n<p data-path-to-node=\"5,0,0\"><b data-path-to-node=\"5,0,0\" data-index-in-node=\"0\">Premi\u00e8re convocation :<\/b> mardi 26 mai<\/p>\n<\/li>\n<li>\n<p data-path-to-node=\"5,1,0\"><b data-path-to-node=\"5,1,0\" data-index-in-node=\"0\">Seconde convocation :<\/b> mardi 30 juin<\/p>\n<\/li>\n<\/ul>\n<p data-path-to-node=\"6\">Bien que toutes les familles puissent y assister, le droit de vote est r\u00e9serv\u00e9 exclusivement aux <b data-path-to-node=\"6\" data-index-in-node=\"97\">membres actifs <\/b>de la Corporation.<\/p>\n<p data-path-to-node=\"7\"><b data-path-to-node=\"7\" data-index-in-node=\"0\">QUI PEUT DEVENIR MEMBRE DE LA CORPORATION ?<\/b><\/p>\n<p data-path-to-node=\"7\">Tous les responsables financiers peuvent devenir membres actifs. Pour cela, il suffit d&rsquo;en faire la demande, laquelle doit ensuite \u00eatre approuv\u00e9e par le Conseil d&rsquo;administration. \u00c0 cet effet, vous devez remplir le formulaire de demande d&rsquo;adh\u00e9sion et l&rsquo;envoyer une fois compl\u00e9t\u00e9 \u00e0 : <a href=\"mailto:corporacion@lafase.cl\"><b data-path-to-node=\"7\" data-index-in-node=\"326\">corporacion@lafase.cl<\/b><\/a><\/p>\n<p data-path-to-node=\"8\">Actuellement, la Corporation compte <b data-path-to-node=\"8\" data-index-in-node=\"36\">1 520 membres actifs<\/b>, ce qui repr\u00e9sente <b data-path-to-node=\"8\" data-index-in-node=\"76\">63%<\/b> des familles. Elle compte \u00e9galement 2 membres coop\u00e9rateurs et 2 membres fondateurs. Depuis quelques ann\u00e9es, la Corporation m\u00e8ne une campagne lors de la p\u00e9riode des inscriptions pour encourager l&rsquo;adh\u00e9sion de nouveaux membres. Gr\u00e2ce \u00e0 cet effort, une grande majorit\u00e9 est aujourd&rsquo;hui membre actif. \u00c0 titre de comparaison, en 2017, il n&rsquo;y avait que 619 membres actifs, soit <b data-path-to-node=\"8\" data-index-in-node=\"450\">33%<\/b> des familles.<\/p>\n<p data-path-to-node=\"9\">Nous croyons profond\u00e9ment en une communaut\u00e9 engag\u00e9e et participative, o\u00f9 les familles et l&rsquo;\u00e9tablissement construisent ensemble un projet \u00e9ducatif d&rsquo;excellence.<\/p>\n<p data-path-to-node=\"10\">Nous vous remercions de votre int\u00e9r\u00eat et vous invitons \u00e0 prendre une part active \u00e0 cette instance.<\/p>\n<\/div>\n<\/div>\n<p>[\/vc_column_text][vc_row_inner][vc_column_inner width=\u00a0\u00bb1\/4&Prime;][vc_btn title=\u00a0\u00bbDemande de membre\u00a0\u00bb shape=\u00a0\u00bbsquare\u00a0\u00bb color=\u00a0\u00bbmulled-wine\u00a0\u00bb link=\u00a0\u00bburl:https%3A%2F%2Flafase.cl%2Fwp-content%2Fuploads%2F2026%2F04%2FSolicitud-incorporacio%CC%81n-Socio-2026.pdf\u00a0\u00bb][\/vc_column_inner][vc_column_inner width=\u00a0\u00bb1\/4&Prime;][vc_btn title=\u00a0\u00bbProcuration membre actif\u00a0\u00bb shape=\u00a0\u00bbsquare\u00a0\u00bb color=\u00a0\u00bbmulled-wine\u00a0\u00bb link=\u00a0\u00bburl:https%3A%2F%2Flafase.cl%2Fwp-content%2Fuploads%2F2026%2F04%2FAG2026-Poder.pdf\u00a0\u00bb][\/vc_column_inner][vc_column_inner width=\u00a0\u00bb1\/4&Prime;][\/vc_column_inner][vc_column_inner width=\u00a0\u00bb1\/4&Prime;][\/vc_column_inner][\/vc_row_inner][vc_video link=\u00a0\u00bbhttps:\/\/vimeo.com\/797029902?share=copy\u00a0\u00bb][\/vc_column][\/vc_row]<\/p>\n<\/section>","protected":false},"excerpt":{"rendered":"<p>[vc_row css=\u00a0\u00bb.vc_custom_1652803003977{background-color: rgba(101,186,242,0.35) !important;*background-color: rgb(101,186,242) !important;}\u00a0\u00bb][vc_column][vc_custom_heading text=\u00a0\u00bbAssembl\u00e9e G\u00e9n\u00e9rale\u00a0\u00bb use_theme_fonts=\u00a0\u00bbyes\u00a0\u00bb][vc_column_text] Notre \u00e9tablissement est g\u00e9r\u00e9 par une corporation \u00e0 but non lucratif,&nbsp;<a href=\"https:\/\/lafase.cl\/fr\/establecimiento\/corporacion\/assemblee-generale\/\">&hellip;<\/a><\/p>\n","protected":false},"author":1,"featured_media":40311,"parent":909,"menu_order":4,"comment_status":"closed","ping_status":"closed","template":"template-home.php","meta":{"om_disable_all_campaigns":false,"_monsterinsights_skip_tracking":false,"_monsterinsights_sitenote_active":false,"_monsterinsights_sitenote_note":"","_monsterinsights_sitenote_category":0},"aioseo_notices":[],"_links":{"self":[{"href":"https:\/\/lafase.cl\/fr\/wp-json\/wp\/v2\/pages\/929"}],"collection":[{"href":"https:\/\/lafase.cl\/fr\/wp-json\/wp\/v2\/pages"}],"about":[{"href":"https:\/\/lafase.cl\/fr\/wp-json\/wp\/v2\/types\/page"}],"author":[{"embeddable":true,"href":"https:\/\/lafase.cl\/fr\/wp-json\/wp\/v2\/users\/1"}],"replies":[{"embeddable":true,"href":"https:\/\/lafase.cl\/fr\/wp-json\/wp\/v2\/comments?post=929"}],"version-history":[{"count":139,"href":"https:\/\/lafase.cl\/fr\/wp-json\/wp\/v2\/pages\/929\/revisions"}],"predecessor-version":[{"id":67807,"href":"https:\/\/lafase.cl\/fr\/wp-json\/wp\/v2\/pages\/929\/revisions\/67807"}],"up":[{"embeddable":true,"href":"https:\/\/lafase.cl\/fr\/wp-json\/wp\/v2\/pages\/909"}],"wp:featuredmedia":[{"embeddable":true,"href":"https:\/\/lafase.cl\/fr\/wp-json\/wp\/v2\/media\/40311"}],"wp:attachment":[{"href":"https:\/\/lafase.cl\/fr\/wp-json\/wp\/v2\/media?parent=929"}],"curies":[{"name":"wp","href":"https:\/\/api.w.org\/{rel}","templated":true}]}}

Assemblée générale

<section class="wpb-content-wrapper"><p>[vc_row css= ».vc_custom_1652803003977{background-color: rgba(101,186,242,0.35) !important;*background-color: rgb(101,186,242) !important;} »][vc_column][vc_custom_heading text= »Assemblée Générale » use_theme_fonts= »yes »][vc_column_text]</p>
<div class="wpb_text_column wpb_content_element ">
<div class="wpb_wrapper" style="text-align: justify;">
<p data-path-to-node="1">Notre établissement est géré par une corporation à but non lucratif, dont la mission est de contribuer au développement éducatif à travers un projet biculturel franco-chilien. Cette organisation repose sur une gouvernance participative, où les familles jouent un rôle prépondérant.</p>
<p data-path-to-node="2"><b data-path-to-node="2" data-index-in-node="0">QU’EST-CE QUE L’ASSEMBLÉE GÉNÉRALE DES MEMBRES?</b></p>
<p data-path-to-node="2">C’est l’un des principaux espaces de participation de la communauté. Les thèmes clés pour le fonctionnement du lycée y sont présentés et soumis au vote, tels que :</p>
<ul data-path-to-node="3">
<li>
<p data-path-to-node="3,0,0">Le rapport annuel du président de la Corporation</p>
</li>
<li>
<p data-path-to-node="3,1,0">L’audit financier</p>
</li>
<li>
<p data-path-to-node="3,2,0">La proposition des frais de scolarité pour l&rsquo;année suivante</p>
</li>
<li>
<p data-path-to-node="3,3,0">L’élection de deux membres directeurs représentant les parents d&rsquo;élèves</p>
</li>
</ul>
<p data-path-to-node="4">Pour l&rsquo;année en cours, l’Assemblée se tiendra selon le calendrier suivant :</p>
<ul data-path-to-node="5">
<li>
<p data-path-to-node="5,0,0"><b data-path-to-node="5,0,0" data-index-in-node="0">Première convocation :</b> mardi 26 mai</p>
</li>
<li>
<p data-path-to-node="5,1,0"><b data-path-to-node="5,1,0" data-index-in-node="0">Seconde convocation :</b> mardi 30 juin</p>
</li>
</ul>
<p data-path-to-node="6">Bien que toutes les familles puissent y assister, le droit de vote est réservé exclusivement aux <b data-path-to-node="6" data-index-in-node="97">membres actifs </b>de la Corporation.</p>
<p data-path-to-node="7"><b data-path-to-node="7" data-index-in-node="0">QUI PEUT DEVENIR MEMBRE DE LA CORPORATION ?</b></p>
<p data-path-to-node="7">Tous les responsables financiers peuvent devenir membres actifs. Pour cela, il suffit d&rsquo;en faire la demande, laquelle doit ensuite être approuvée par le Conseil d&rsquo;administration. À cet effet, vous devez remplir le formulaire de demande d&rsquo;adhésion et l&rsquo;envoyer une fois complété à : <a href="mailto:corporacion@lafase.cl"><b data-path-to-node="7" data-index-in-node="326">corporacion@lafase.cl</b></a></p>
<p data-path-to-node="8">Actuellement, la Corporation compte <b data-path-to-node="8" data-index-in-node="36">1 520 membres actifs</b>, ce qui représente <b data-path-to-node="8" data-index-in-node="76">63%</b> des familles. Elle compte également 2 membres coopérateurs et 2 membres fondateurs. Depuis quelques années, la Corporation mène une campagne lors de la période des inscriptions pour encourager l&rsquo;adhésion de nouveaux membres. Grâce à cet effort, une grande majorité est aujourd&rsquo;hui membre actif. À titre de comparaison, en 2017, il n&rsquo;y avait que 619 membres actifs, soit <b data-path-to-node="8" data-index-in-node="450">33%</b> des familles.</p>
<p data-path-to-node="9">Nous croyons profondément en une communauté engagée et participative, où les familles et l&rsquo;établissement construisent ensemble un projet éducatif d&rsquo;excellence.</p>
<p data-path-to-node="10">Nous vous remercions de votre intérêt et vous invitons à prendre une part active à cette instance.</p>
</div>
</div>
<p>[/vc_column_text][vc_row_inner][vc_column_inner width= »1/4&Prime;][vc_btn title= »Demande de membre » shape= »square » color= »mulled-wine » link= »url:https%3A%2F%2Flafase.cl%2Fwp-content%2Fuploads%2F2026%2F04%2FSolicitud-incorporacio%CC%81n-Socio-2026.pdf »][/vc_column_inner][vc_column_inner width= »1/4&Prime;][vc_btn title= »Procuration membre actif » shape= »square » color= »mulled-wine » link= »url:https%3A%2F%2Flafase.cl%2Fwp-content%2Fuploads%2F2026%2F04%2FAG2026-Poder.pdf »][/vc_column_inner][vc_column_inner width= »1/4&Prime;][/vc_column_inner][vc_column_inner width= »1/4&Prime;][/vc_column_inner][/vc_row_inner][vc_video link= »https://vimeo.com/797029902?share=copy »][/vc_column][/vc_row]</p>
</section>

<p>[vc_row css= ».vc_custom_1652803003977{background-color: rgba(101,186,242,0.35) !important;*background-color: rgb(101,186,242) !important;} »][vc_column][vc_custom_heading text= »Assemblée Générale » use_theme_fonts= »yes »][vc_column_text] Notre établissement est géré par une corporation à but non lucratif,&nbsp;<a href="https://lafase.cl/fr/establecimiento/corporacion/assemblee-generale/">&hellip;</a></p>
