{"id":52591,"date":"2023-04-18T09:41:09","date_gmt":"2023-04-18T13:41:09","guid":{"rendered":"https:\/\/lafase.cl\/noticias-de-la-parva\/"},"modified":"2026-04-24T09:35:18","modified_gmt":"2026-04-24T13:35:18","slug":"noticias-de-la-parva","status":"publish","type":"page","link":"https:\/\/lafase.cl\/fr\/noticias-de-la-parva\/","title":{"rendered":"Nouvelles de La Parva"},"content":{"rendered":"<section class=\"wpb-content-wrapper\"><p>[vc_row][vc_column][vc_custom_heading text=\u00a0\u00bbCE2E\u00a0\u00bb][vc_column_text]<strong>Jeudi<\/strong><\/p>\n<div dir=\"auto\">\n<p dir=\"ltr\">Bonjour!<\/p>\n<p dir=\"ltr\">Aujourd\u2019hui on a fait une sortie pour apprendre \u00e0 observer et sentir l\u2019odeur des plantes de la montagne. On est aussi all\u00e9 \u00e0 la \u201cQuebrada del vig\u00eda\u201d pour faire une \u201cnota verde\u201d avec Chu. Puis, Nati nous a racont\u00e9 une histoire dans la montagne car aujourd\u2019hui c\u2019\u00e9tait la journ\u00e9e internationale du livre.<\/p>\n<p dir=\"ltr\">\u00c0 demain!<\/p>\n<\/div>\n<p>[\/vc_column_text][vc_gallery interval=\u00a0\u00bb3&Prime; images=\u00a0\u00bb89174,89172,89170,89168&Prime; img_size=\u00a0\u00bblarge\u00a0\u00bb][vc_column_text]<strong>Mercredi<\/strong><\/p>\n<div dir=\"auto\">Bonjour!<\/div>\n<div dir=\"auto\">\n<div dir=\"auto\">\n<div dir=\"ltr\">\n<div>\n<div dir=\"ltr\" data-smartmail=\"gmail_signature\">\n<div dir=\"ltr\">\n<p dir=\"ltr\">Aujourd\u2019hui nous avons eu la grande exp\u00e9dition! Nous avons commenc\u00e9 \u00e0 10h30 et nous sommes arriv\u00e9s \u00e0 14h45. Nous avons d\u00e9jeun\u00e9 en montagne, avec la cordill\u00e8re au fond! Nous avons pu conna\u00eetre diff\u00e9rents endroits et apprendre plein de choses! Par exemple \u00e0 \u00ab\u00a0la quebrada musical\u00a0\u00bb, l\u2019h\u00f4tel mil \u00e9toiles, le poumon de la montagne, la plan\u00e8te cururo\u2026 Le soir, nous sommes all\u00e9s jouer dans un parking \u00e0 c\u00f4t\u00e9 du refuge.<\/p>\n<p dir=\"ltr\">Bonne nuit!<\/p>\n<\/div>\n<\/div>\n<\/div>\n<\/div>\n<\/div>\n<\/div>\n<p>[\/vc_column_text][vc_gallery interval=\u00a0\u00bb3&Prime; images=\u00a0\u00bb89163,89161,89159,89157,89155,89153&Prime; img_size=\u00a0\u00bblarge\u00a0\u00bb][vc_column_text]<strong>Mardi<\/strong><\/p>\n<p dir=\"ltr\">Bonjour!<\/p>\n<p dir=\"ltr\">Aujourd\u2019hui nous avons eu plusieurs activit\u00e9s\u2026 Nous sommes sortis 3 fois en montagne!<\/p>\n<p dir=\"ltr\">Une sortie a \u00e9t\u00e9 \u201cEl d\u00eda de Darwin\u201d, pour apprendre sur les animaux de La Parva. L\u2019autre sortie a \u00e9t\u00e9 \u00e0 \u00ab\u00a0La Quebrada del vig\u00eda\u201d, o\u00f9 on a pu observer des plantes autour d\u2019un ruisseau.<\/p>\n<p dir=\"ltr\">Apr\u00e8s le go\u00fbter, nous sommes all\u00e9s observer des oiseaux avec des jumelles. Finalement, avant de dormir, on a regard\u00e9 un film documentaire sur la migration des oiseaux.<\/p>\n<p dir=\"ltr\">Bonne nuit!<\/p>\n<p>[\/vc_column_text][vc_gallery interval=\u00a0\u00bb3&Prime; images=\u00a0\u00bb89142,89134,89136,89138,89140&Prime; img_size=\u00a0\u00bblarge\u00a0\u00bb][vc_column_text]<strong>Lundi<\/strong><\/p>\n<p dir=\"ltr\">Bonjour \u00e0 tous!<\/p>\n<p dir=\"ltr\">Aujourd\u2019hui nous sommes arriv\u00e9s et Ivan nous a expliqu\u00e9 le fonctionnement du refuge dans la Salle de la Sagesse. Apr\u00e8s, nous sommes all\u00e9s dans les chambres pour ranger nos affaires et puis nous avons d\u00e9jeun\u00e9. L\u2019apr\u00e8s-midi nous avons eu \u201cEl d\u00eda del sobreviviente\u201d avec Ape, Vikinga et RP. Il y avait beaucoup de brouillard, mais apr\u00e8s les nuages \u00e9taient magnifiques! Ensuite, nous avons fait un exercice d\u2019\u00e9vacuation en passant par le tunnel! Avant de dormir, Ivan nous a montr\u00e9 des oiseaux\u00a0 que nous allons observer demain.<\/p>\n<p dir=\"ltr\">Bonne nuit!<\/p>\n<p>[\/vc_column_text][vc_gallery interval=\u00a0\u00bb3&Prime; images=\u00a0\u00bb89129,89127,89125,89123,89121&Prime; img_size=\u00a0\u00bblarge\u00a0\u00bb][\/vc_column][\/vc_row]<\/p>\n<\/section>","protected":false},"excerpt":{"rendered":"<p>[vc_row][vc_column][vc_custom_heading text=\u00a0\u00bbCE2E\u00a0\u00bb][vc_column_text]Jeudi Bonjour! Aujourd\u2019hui on a fait une sortie pour apprendre \u00e0 observer et sentir l\u2019odeur des plantes de la&nbsp;<a href=\"https:\/\/lafase.cl\/fr\/noticias-de-la-parva\/\">&hellip;<\/a><\/p>\n","protected":false},"author":3,"featured_media":0,"parent":0,"menu_order":0,"comment_status":"closed","ping_status":"closed","template":"","meta":{"om_disable_all_campaigns":false,"_monsterinsights_skip_tracking":false,"_monsterinsights_sitenote_active":false,"_monsterinsights_sitenote_note":"","_monsterinsights_sitenote_category":0},"aioseo_notices":[],"_links":{"self":[{"href":"https:\/\/lafase.cl\/fr\/wp-json\/wp\/v2\/pages\/52591"}],"collection":[{"href":"https:\/\/lafase.cl\/fr\/wp-json\/wp\/v2\/pages"}],"about":[{"href":"https:\/\/lafase.cl\/fr\/wp-json\/wp\/v2\/types\/page"}],"author":[{"embeddable":true,"href":"https:\/\/lafase.cl\/fr\/wp-json\/wp\/v2\/users\/3"}],"replies":[{"embeddable":true,"href":"https:\/\/lafase.cl\/fr\/wp-json\/wp\/v2\/comments?post=52591"}],"version-history":[{"count":246,"href":"https:\/\/lafase.cl\/fr\/wp-json\/wp\/v2\/pages\/52591\/revisions"}],"predecessor-version":[{"id":89176,"href":"https:\/\/lafase.cl\/fr\/wp-json\/wp\/v2\/pages\/52591\/revisions\/89176"}],"wp:attachment":[{"href":"https:\/\/lafase.cl\/fr\/wp-json\/wp\/v2\/media?parent=52591"}],"curies":[{"name":"wp","href":"https:\/\/api.w.org\/{rel}","templated":true}]}}

<section class="wpb-content-wrapper"><p>[vc_row][vc_column][vc_custom_heading text= »CE2E »][vc_column_text]<strong>Jeudi</strong></p>
<div dir="auto">
<p dir="ltr">Bonjour!</p>
<p dir="ltr">Aujourd’hui on a fait une sortie pour apprendre à observer et sentir l’odeur des plantes de la montagne. On est aussi allé à la “Quebrada del vigía” pour faire une “nota verde” avec Chu. Puis, Nati nous a raconté une histoire dans la montagne car aujourd’hui c’était la journée internationale du livre.</p>
<p dir="ltr">À demain!</p>
</div>
<p>[/vc_column_text][vc_gallery interval= »3&Prime; images= »89174,89172,89170,89168&Prime; img_size= »large »][vc_column_text]<strong>Mercredi</strong></p>
<div dir="auto">Bonjour!</div>
<div dir="auto">
<div dir="auto">
<div dir="ltr">
<div>
<div dir="ltr" data-smartmail="gmail_signature">
<div dir="ltr">
<p dir="ltr">Aujourd’hui nous avons eu la grande expédition! Nous avons commencé à 10h30 et nous sommes arrivés à 14h45. Nous avons déjeuné en montagne, avec la cordillère au fond! Nous avons pu connaître différents endroits et apprendre plein de choses! Par exemple à « la quebrada musical », l’hôtel mil étoiles, le poumon de la montagne, la planète cururo… Le soir, nous sommes allés jouer dans un parking à côté du refuge.</p>
<p dir="ltr">Bonne nuit!</p>
</div>
</div>
</div>
</div>
</div>
</div>
<p>[/vc_column_text][vc_gallery interval= »3&Prime; images= »89163,89161,89159,89157,89155,89153&Prime; img_size= »large »][vc_column_text]<strong>Mardi</strong></p>
<p dir="ltr">Bonjour!</p>
<p dir="ltr">Aujourd’hui nous avons eu plusieurs activités… Nous sommes sortis 3 fois en montagne!</p>
<p dir="ltr">Une sortie a été “El día de Darwin”, pour apprendre sur les animaux de La Parva. L’autre sortie a été à « La Quebrada del vigía”, où on a pu observer des plantes autour d’un ruisseau.</p>
<p dir="ltr">Après le goûter, nous sommes allés observer des oiseaux avec des jumelles. Finalement, avant de dormir, on a regardé un film documentaire sur la migration des oiseaux.</p>
<p dir="ltr">Bonne nuit!</p>
<p>[/vc_column_text][vc_gallery interval= »3&Prime; images= »89142,89134,89136,89138,89140&Prime; img_size= »large »][vc_column_text]<strong>Lundi</strong></p>
<p dir="ltr">Bonjour à tous!</p>
<p dir="ltr">Aujourd’hui nous sommes arrivés et Ivan nous a expliqué le fonctionnement du refuge dans la Salle de la Sagesse. Après, nous sommes allés dans les chambres pour ranger nos affaires et puis nous avons déjeuné. L’après-midi nous avons eu “El día del sobreviviente” avec Ape, Vikinga et RP. Il y avait beaucoup de brouillard, mais après les nuages étaient magnifiques! Ensuite, nous avons fait un exercice d’évacuation en passant par le tunnel! Avant de dormir, Ivan nous a montré des oiseaux  que nous allons observer demain.</p>
<p dir="ltr">Bonne nuit!</p>
<p>[/vc_column_text][vc_gallery interval= »3&Prime; images= »89129,89127,89125,89123,89121&Prime; img_size= »large »][/vc_column][/vc_row]</p>
</section>

<p>[vc_row][vc_column][vc_custom_heading text= »CE2E »][vc_column_text]Jeudi Bonjour! Aujourd’hui on a fait une sortie pour apprendre à observer et sentir l’odeur des plantes de la&nbsp;<a href="https://lafase.cl/fr/noticias-de-la-parva/">&hellip;</a></p>
