{"id":26539,"date":"2020-11-25T15:09:59","date_gmt":"2020-11-25T18:09:59","guid":{"rendered":"http:\/\/lafase.cl\/matriculas-2\/"},"modified":"2025-11-21T14:51:40","modified_gmt":"2025-11-21T17:51:40","slug":"matriculas","status":"publish","type":"page","link":"https:\/\/lafase.cl\/fr\/admision\/matriculas\/","title":{"rendered":"Matr\u00edculas"},"content":{"rendered":"<section class=\"wpb-content-wrapper\"><p>[vc_row][vc_column][vc_custom_heading text=\u00a0\u00bbInscriptions pour l&rsquo;ann\u00e9e 2026&Prime; use_theme_fonts=\u00a0\u00bbyes\u00a0\u00bb][vc_custom_heading text=\u00a0\u00bbJusqu&rsquo;au 15 d\u00e9cembre 2025&Prime; font_container=\u00a0\u00bbtag:h3|text_align:left\u00a0\u00bb use_theme_fonts=\u00a0\u00bbyes\u00a0\u00bb][\/vc_column][\/vc_row][vc_row][vc_column][vc_message]<\/p>\n<p style=\"font-weight: 400;\">Le responsable financier est la personne qui doit effectuer la proc\u00e9dure d&rsquo;inscription de l&rsquo;\u00e9l\u00e8ve ou des \u00e9l\u00e8ves.<\/p>\n<p>[\/vc_message][vc_column_text]<\/p>\n<p style=\"font-weight: 400; text-align: justify;\">Pour commencer la proc\u00e9dure, vous devez entrer sur la plateforme Schoolnet en cliquant sur le lien suivant : <a href=\"https:\/\/schoolnet.colegium.com\/webapp\/es_CL\/login\">https:\/\/schoolnet.colegium.com\/webapp\/es_CL\/login<\/a><\/p>\n<p style=\"font-weight: 400; text-align: justify;\">Vous devez ensuite vous rendre sur l&rsquo;onglet \u00ab\u00a0Inscription en ligne\u00a0\u00bb et suivre la proc\u00e9dure d&rsquo;inscription.<\/p>\n<p>&nbsp;<\/p>\n<p style=\"font-weight: 400; text-align: justify;\"><strong>Cette proc\u00e9dure comporte les \u00e9tapes suivantes :<\/strong><\/p>\n<ol style=\"font-weight: 400; text-align: justify;\">\n<li><strong>Remplir le formulaire de l&rsquo;\u00e9tudiant<\/strong><\/li>\n<\/ol>\n<p style=\"font-weight: 400; text-align: justify;\">Les informations demand\u00e9es dans le formulaire de l&rsquo;\u00e9l\u00e8ve au cours de la proc\u00e9dure d&rsquo;inscription sont tr\u00e8s importantes pour notre \u00e9cole. Ces informations sont obligatoires et si elles ne sont pas renseign\u00e9es peuvent bloquer votre inscription.<\/p>\n<ol style=\"text-align: justify;\" start=\"3\">\n<li style=\"font-weight: 400;\"><strong> Signer le contrat \u00e9lectroniquement <\/strong><\/li>\n<\/ol>\n<ol start=\"4\">\n<li style=\"font-weight: 400; text-align: justify;\"><strong> Effectuer le paiement en ligne (Pour l\u2019ann\u00e9e 2026, si vous d\u00e9cidez d&rsquo;opter pour le paiement mensuel des frais de scolarit\u00e9, il vous faut enregistrer les moyens de paiement PAT ou PAC.)<\/strong><\/li>\n<\/ol>\n<p>[\/vc_column_text][vc_message]<\/p>\n<p style=\"font-weight: 400;\">Dans le cas o\u00f9 le repr\u00e9sentant financier ait oubli\u00e9 ou ne dispose pas de ses donn\u00e9es de connexion \u00e0 Schoolnet, il doit choisir l&rsquo;option \u201c\u00bfOlvidaste tu contrase\u00f1a?\u201d en indiquant l&rsquo;adresse \u00e9lectronique qu&rsquo;il a enregistr\u00e9e aupr\u00e8s de l&rsquo;\u00e9cole. Il pourra ainsi r\u00e9cup\u00e9rer son nom d&rsquo;utilisateur et r\u00e9initialiser son mot de passe. Vous pouvez \u00e9galement demander vos donn\u00e9es d&rsquo;acc\u00e8s en contactant para courriel <a href=\"mailto:backoffice2@lafase.cl\">backoffice2@lafase.cl<\/a><\/p>\n<p>[\/vc_message][vc_row_inner][vc_column_inner][vc_btn title=\u00a0\u00bbInformation \u00e9tape par \u00e9tape\u00a0\u00bb color=\u00a0\u00bbprimary\u00a0\u00bb i_icon_fontawesome=\u00a0\u00bb\u00a0\u00bb add_icon=\u00a0\u00bbtrue\u00a0\u00bb link=\u00a0\u00bburl:https%3A%2F%2Flafase.cl%2Fwp-content%2Fuploads%2F2024%2F10%2FManual-Firma-Schoolnet.pdf\u00a0\u00bb][vc_btn title=\u00a0\u00bbTarifs\u00a0\u00bb color=\u00a0\u00bbprimary\u00a0\u00bb i_icon_fontawesome=\u00a0\u00bb\u00a0\u00bb add_icon=\u00a0\u00bbtrue\u00a0\u00bb link=\u00a0\u00bburl:http%3A%2F%2Flafase.cl%2Ffr%2Fadmision%2Ftarifas%2F|||\u00a0\u00bb][\/vc_column_inner][\/vc_row_inner][vc_row_inner][vc_column_inner][vc_column_text]<span lang=\"FR\">Au cours du processus, les familles auront \u00e9galement la possibilit\u00e9 de payer l\u2019inscription annuelle du Centre des parents (CPA), qui s&rsquo;\u00e9l\u00e8ve \u00e0 1UF. Pour plus d&rsquo;informations, veuillez consulter leur site web \u00e0 l&rsquo;adresse <\/span><a href=\"https:\/\/cpalafase.cl\/\"><span lang=\"FR\">https:\/\/cpalafase.cl<\/span><\/a>[\/vc_column_text][vc_column_text]<\/p>\n<p style=\"font-weight: 400;\">Des questions? Veuillez contacter <a href=\"mailto:backoffice2@lafase.cl\">backoffice2@lafase.cl<\/a><\/p>\n<p style=\"font-weight: 400;\">(Nous vous rappelons que le service financier est ouvert du lundi au vendredi, de 08h00 \u00e0 17h00)<\/p>\n<p>[\/vc_column_text][\/vc_column_inner][\/vc_row_inner][\/vc_column][\/vc_row][vc_row][vc_column][vc_column_text]<span style=\"text-decoration: underline;\">Lien d&rsquo;int\u00e9r\u00eat<\/span> :<\/p>\n<ul>\n<li><a href=\"https:\/\/lafase.cl\/wp-content\/uploads\/2023\/12\/REGLEMENT-INTERNE-2024-VF.pdf\">R\u00c8GLEMENT INT\u00c9RIEUR<\/a><\/li>\n<\/ul>\n<p>[\/vc_column_text][\/vc_column][\/vc_row]<\/p>\n<\/section>","protected":false},"excerpt":{"rendered":"<p>[vc_row][vc_column][vc_custom_heading text=\u00a0\u00bbInscriptions pour l&rsquo;ann\u00e9e 2026&Prime; use_theme_fonts=\u00a0\u00bbyes\u00a0\u00bb][vc_custom_heading text=\u00a0\u00bbJusqu&rsquo;au 15 d\u00e9cembre 2025&Prime; font_container=\u00a0\u00bbtag:h3|text_align:left\u00a0\u00bb use_theme_fonts=\u00a0\u00bbyes\u00a0\u00bb][\/vc_column][\/vc_row][vc_row][vc_column][vc_message] Le responsable financier est la personne qui doit&nbsp;<a href=\"https:\/\/lafase.cl\/fr\/admision\/matriculas\/\">&hellip;<\/a><\/p>\n","protected":false},"author":3,"featured_media":0,"parent":2153,"menu_order":2,"comment_status":"closed","ping_status":"closed","template":"","meta":{"om_disable_all_campaigns":false,"_monsterinsights_skip_tracking":false,"_monsterinsights_sitenote_active":false,"_monsterinsights_sitenote_note":"","_monsterinsights_sitenote_category":0},"aioseo_notices":[],"_links":{"self":[{"href":"https:\/\/lafase.cl\/fr\/wp-json\/wp\/v2\/pages\/26539"}],"collection":[{"href":"https:\/\/lafase.cl\/fr\/wp-json\/wp\/v2\/pages"}],"about":[{"href":"https:\/\/lafase.cl\/fr\/wp-json\/wp\/v2\/types\/page"}],"author":[{"embeddable":true,"href":"https:\/\/lafase.cl\/fr\/wp-json\/wp\/v2\/users\/3"}],"replies":[{"embeddable":true,"href":"https:\/\/lafase.cl\/fr\/wp-json\/wp\/v2\/comments?post=26539"}],"version-history":[{"count":43,"href":"https:\/\/lafase.cl\/fr\/wp-json\/wp\/v2\/pages\/26539\/revisions"}],"predecessor-version":[{"id":87210,"href":"https:\/\/lafase.cl\/fr\/wp-json\/wp\/v2\/pages\/26539\/revisions\/87210"}],"up":[{"embeddable":true,"href":"https:\/\/lafase.cl\/fr\/wp-json\/wp\/v2\/pages\/2153"}],"wp:attachment":[{"href":"https:\/\/lafase.cl\/fr\/wp-json\/wp\/v2\/media?parent=26539"}],"curies":[{"name":"wp","href":"https:\/\/api.w.org\/{rel}","templated":true}]}}

Matrículas

<section class="wpb-content-wrapper"><p>[vc_row][vc_column][vc_custom_heading text= »Inscriptions pour l&rsquo;année 2026&Prime; use_theme_fonts= »yes »][vc_custom_heading text= »Jusqu&rsquo;au 15 décembre 2025&Prime; font_container= »tag:h3|text_align:left » use_theme_fonts= »yes »][/vc_column][/vc_row][vc_row][vc_column][vc_message]</p>
<p style="font-weight: 400;">Le responsable financier est la personne qui doit effectuer la procédure d&rsquo;inscription de l&rsquo;élève ou des élèves.</p>
<p>[/vc_message][vc_column_text]</p>
<p style="font-weight: 400; text-align: justify;">Pour commencer la procédure, vous devez entrer sur la plateforme Schoolnet en cliquant sur le lien suivant : <a href="https://schoolnet.colegium.com/webapp/es_CL/login">https://schoolnet.colegium.com/webapp/es_CL/login</a></p>
<p style="font-weight: 400; text-align: justify;">Vous devez ensuite vous rendre sur l&rsquo;onglet « Inscription en ligne » et suivre la procédure d&rsquo;inscription.</p>
<p>&nbsp;</p>
<p style="font-weight: 400; text-align: justify;"><strong>Cette procédure comporte les étapes suivantes :</strong></p>
<ol style="font-weight: 400; text-align: justify;">
<li><strong>Remplir le formulaire de l&rsquo;étudiant</strong></li>
</ol>
<p style="font-weight: 400; text-align: justify;">Les informations demandées dans le formulaire de l&rsquo;élève au cours de la procédure d&rsquo;inscription sont très importantes pour notre école. Ces informations sont obligatoires et si elles ne sont pas renseignées peuvent bloquer votre inscription.</p>
<ol style="text-align: justify;" start="3">
<li style="font-weight: 400;"><strong> Signer le contrat électroniquement </strong></li>
</ol>
<ol start="4">
<li style="font-weight: 400; text-align: justify;"><strong> Effectuer le paiement en ligne (Pour l’année 2026, si vous décidez d&rsquo;opter pour le paiement mensuel des frais de scolarité, il vous faut enregistrer les moyens de paiement PAT ou PAC.)</strong></li>
</ol>
<p>[/vc_column_text][vc_message]</p>
<p style="font-weight: 400;">Dans le cas où le représentant financier ait oublié ou ne dispose pas de ses données de connexion à Schoolnet, il doit choisir l&rsquo;option “¿Olvidaste tu contraseña?” en indiquant l&rsquo;adresse électronique qu&rsquo;il a enregistrée auprès de l&rsquo;école. Il pourra ainsi récupérer son nom d&rsquo;utilisateur et réinitialiser son mot de passe. Vous pouvez également demander vos données d&rsquo;accès en contactant para courriel <a href="mailto:backoffice2@lafase.cl">backoffice2@lafase.cl</a></p>
<p>[/vc_message][vc_row_inner][vc_column_inner][vc_btn title= »Information étape par étape » color= »primary » i_icon_fontawesome= » » add_icon= »true » link= »url:https%3A%2F%2Flafase.cl%2Fwp-content%2Fuploads%2F2024%2F10%2FManual-Firma-Schoolnet.pdf »][vc_btn title= »Tarifs » color= »primary » i_icon_fontawesome= » » add_icon= »true » link= »url:http%3A%2F%2Flafase.cl%2Ffr%2Fadmision%2Ftarifas%2F||| »][/vc_column_inner][/vc_row_inner][vc_row_inner][vc_column_inner][vc_column_text]<span lang="FR">Au cours du processus, les familles auront également la possibilité de payer l’inscription annuelle du Centre des parents (CPA), qui s&rsquo;élève à 1UF. Pour plus d&rsquo;informations, veuillez consulter leur site web à l&rsquo;adresse </span><a href="https://cpalafase.cl/"><span lang="FR">https://cpalafase.cl</span></a>[/vc_column_text][vc_column_text]</p>
<p style="font-weight: 400;">Des questions? Veuillez contacter <a href="mailto:backoffice2@lafase.cl">backoffice2@lafase.cl</a></p>
<p style="font-weight: 400;">(Nous vous rappelons que le service financier est ouvert du lundi au vendredi, de 08h00 à 17h00)</p>
<p>[/vc_column_text][/vc_column_inner][/vc_row_inner][/vc_column][/vc_row][vc_row][vc_column][vc_column_text]<span style="text-decoration: underline;">Lien d&rsquo;intérêt</span> :</p>
<ul>
<li><a href="https://lafase.cl/wp-content/uploads/2023/12/REGLEMENT-INTERNE-2024-VF.pdf">RÈGLEMENT INTÉRIEUR</a></li>
</ul>
<p>[/vc_column_text][/vc_column][/vc_row]</p>
</section>

<p>[vc_row][vc_column][vc_custom_heading text= »Inscriptions pour l&rsquo;année 2026&Prime; use_theme_fonts= »yes »][vc_custom_heading text= »Jusqu&rsquo;au 15 décembre 2025&Prime; font_container= »tag:h3|text_align:left » use_theme_fonts= »yes »][/vc_column][/vc_row][vc_row][vc_column][vc_message] Le responsable financier est la personne qui doit&nbsp;<a href="https://lafase.cl/fr/admision/matriculas/">&hellip;</a></p>
