{"id":17260,"date":"2020-01-10T17:12:05","date_gmt":"2020-01-10T20:12:05","guid":{"rendered":"http:\/\/lafase.cl\/fondo-solidario\/"},"modified":"2026-04-01T14:19:03","modified_gmt":"2026-04-01T17:19:03","slug":"fondo-solidario","status":"publish","type":"page","link":"https:\/\/lafase.cl\/fr\/admision\/fondo-solidario\/","title":{"rendered":"Fonds de solidarit\u00e9"},"content":{"rendered":"<section class=\"wpb-content-wrapper\"><p>[vc_row][vc_column][vc_row_inner][vc_column_inner][vc_message style=\u00a0\u00bbsquare\u00a0\u00bb]<a href=\"http:\/\/lafase.cl\/wp-content\/uploads\/2021\/02\/logo_fondo_solidario-1.png\"><img decoding=\"async\" loading=\"lazy\" class=\"alignleft wp-image-30828 size-medium\" src=\"http:\/\/lafase.cl\/wp-content\/uploads\/2021\/02\/logo_fondo_solidario-1-300x289.png\" alt=\"\" width=\"300\" height=\"289\" srcset=\"https:\/\/lafase.cl\/wp-content\/uploads\/2021\/02\/logo_fondo_solidario-1-300x289.png 300w, https:\/\/lafase.cl\/wp-content\/uploads\/2021\/02\/logo_fondo_solidario-1-1024x987.png 1024w, https:\/\/lafase.cl\/wp-content\/uploads\/2021\/02\/logo_fondo_solidario-1.png 1582w\" sizes=\"(max-width: 300px) 100vw, 300px\" \/><\/a><\/p>\n<p style=\"text-align: justify;\"><span style=\"color: #000080;\">Le fonds de solidarit\u00e9 du Lyc\u00e9e Antoine de Saint-Exup\u00e9ry a \u00e9t\u00e9 cr\u00e9\u00e9 en novembre 2019, suite \u00e0 son approbation \u00e0 l\u2019Assembl\u00e9e G\u00e9n\u00e9rale des membres actifs, dans le but de soutenir financi\u00e8rement les familles qui en ont besoin, \u00e0 travers une bourse d\u2019\u00e9tude. Cet apport est une somme en pesos chiliens, qui est attribu\u00e9 \u00e0 une famille et appliqu\u00e9 sous forme de d\u00e9compte sur ses frais de col\u00e9giature.<\/span><\/p>\n<p style=\"text-align: justify;\"><span style=\"color: #000080;\">La cr\u00e9ation de ce fonds est align\u00e9 sur les valeurs de notre \u00e9tablissement, que la Corporaci\u00f3n Educacional Alianza Francesa cherche \u00e0 promouvoir et consolider au sein de la communaut\u00e9 \u00e0 laquelle nous appartenons tous. La fraternit\u00e9 est un des piliers fondamentaux de la R\u00e9publique fran\u00e7aise et fait partie des valeurs essentielles de notre lyc\u00e9e que nous souhaitons transmettre \u00e0 nos enfants.<\/span><\/p>\n<p style=\"text-align: justify;\"><span style=\"color: #000080;\">Durant l\u2019ann\u00e9e 2021, pr\u00e8s de 170 millions de pesos ont \u00e9t\u00e9 distribu\u00e9s \u00e0 158 familles, ce qui repr\u00e9sente 263 \u00e9l\u00e8ves.<\/span><\/p>\n<p style=\"text-align: justify;\"><span style=\"color: #000080;\">Le fond de solidarit\u00e9 est financ\u00e9 principalement par l\u2019apport que r\u00e9alisent tous les membres de notre communaut\u00e9 par le biais de m\u00e9canismes divers tels que :<\/span><\/p>\n<ul style=\"text-align: justify;\">\n<li><span style=\"color: #000080;\">Donation d\u2019un pourcentage, d\u00e9fini par le directoire de la Corporaci\u00f3n et approuv\u00e9 par l\u2019Assembl\u00e9e G\u00e9n\u00e9rale des membres actifs, des paiements de col\u00e9giature mensuels des familles du lyc\u00e9e.<\/span><\/li>\n<li><span style=\"color: #000080;\">L\u2019apport volontaire des parents d\u2019\u00e9l\u00e8ves et des membres de la Corporaci\u00f3n<\/span><\/li>\n<li><span style=\"color: #000080;\">Collecte de fonds au sein d\u2019activit\u00e9s, ou \u00e9v\u00e8nements organis\u00e9s par la Corporaci\u00f3n ou le CPA \u00e0 cette fin.<\/span><\/li>\n<li><span style=\"color: #000080;\">Contributions d\u2019entreprises<\/span><\/li>\n<li><span style=\"color: #000080;\">Autres contributions de particuliers ou personnes juridiques ext\u00e9rieures \u00e0 la communaut\u00e9 scolaire.<\/span><\/li>\n<\/ul>\n<p style=\"text-align: justify;\"><span style=\"color: #000080;\">La qualification des ant\u00e9c\u00e9dents et la d\u00e9cision d\u2019attribution d\u2019aide et son montant d\u00e9pend d\u2019un comit\u00e9 compos\u00e9 notamment d\u2019un assistant social sp\u00e9cialement consacr\u00e9 \u00e0 cette th\u00e9matique.<\/span><\/p>\n<p>[\/vc_message][\/vc_column_inner][\/vc_row_inner][\/vc_column][\/vc_row][vc_row][vc_column][vc_custom_heading text=\u00a0\u00bbVous avez besoin d&rsquo;une aide financi\u00e8re temporaire?\u00a0\u00bb font_container=\u00a0\u00bbtag:h3|text_align:left\u00a0\u00bb google_fonts=\u00a0\u00bbfont_family:Abel%3Aregular|font_style:400%20regular%3A400%3Anormal\u00a0\u00bb][\/vc_column][\/vc_row][vc_row][vc_column][vc_column_text]<strong>Nous invitons les familles souhaitant d\u00e9poser un dossier \u00e0 envoyer la documentation requise au plus tard le\u00a0vendredi 20 mars 2026.<\/strong>[\/vc_column_text][\/vc_column][\/vc_row][vc_row][vc_column width=\u00a0\u00bb1\/4&Prime;][vc_btn title=\u00a0\u00bbR\u00e8glement Fonds de solidarit\u00e9\u00a0\u00bb style=\u00a0\u00bboutline\u00a0\u00bb shape=\u00a0\u00bbsquare\u00a0\u00bb color=\u00a0\u00bbprimary\u00a0\u00bb link=\u00a0\u00bburl:https%3A%2F%2Flafase.cl%2Fwp-content%2Fuploads%2F2026%2F04%2FReglamento-Fondo-Solidario.pdf\u00a0\u00bb][\/vc_column][vc_column width=\u00a0\u00bb1\/4&Prime;][vc_btn title=\u00a0\u00bbListes des documents\u00a0\u00bb style=\u00a0\u00bboutline\u00a0\u00bb shape=\u00a0\u00bbsquare\u00a0\u00bb color=\u00a0\u00bbprimary\u00a0\u00bb link=\u00a0\u00bburl:https%3A%2F%2Flafase.cl%2Fwp-content%2Fuploads%2F2026%2F03%2FDOCUMENTOS_POSTULACIO%CC%81N_FONDO_SOLIDARIO.pdf\u00a0\u00bb][\/vc_column][vc_column width=\u00a0\u00bb1\/4&Prime;][vc_btn title=\u00a0\u00bbFormulaire de demande\u00a0\u00bb style=\u00a0\u00bboutline\u00a0\u00bb shape=\u00a0\u00bbsquare\u00a0\u00bb color=\u00a0\u00bbprimary\u00a0\u00bb link=\u00a0\u00bburl:http%3A%2F%2Flafase.cl%2Fwp-content%2Fuploads%2F2023%2F02%2FFormulario-de-Postulaci%C3%B3n.pdf|||\u00a0\u00bb][\/vc_column][vc_column width=\u00a0\u00bb1\/4&Prime;][vc_btn title=\u00a0\u00bbInstructions dossier imp\u00f4ts\u00a0\u00bb style=\u00a0\u00bboutline\u00a0\u00bb shape=\u00a0\u00bbsquare\u00a0\u00bb color=\u00a0\u00bbprimary\u00a0\u00bb link=\u00a0\u00bburl:http%3A%2F%2Flafase.cl%2Finstructivo-carpeta-tributaria-2%2F|||\u00a0\u00bb][\/vc_column][\/vc_row][vc_row][vc_column width=\u00a0\u00bb1\/4&Prime;][vc_btn title=\u00a0\u00bbD\u00e9claration sur l&rsquo;honneur\u00a0\u00bb style=\u00a0\u00bboutline\u00a0\u00bb shape=\u00a0\u00bbsquare\u00a0\u00bb color=\u00a0\u00bbprimary\u00a0\u00bb link=\u00a0\u00bburl:http%3A%2F%2Flafase.cl%2Fwp-content%2Fuploads%2F2023%2F02%2FCarta-de-Honor.pdf|||\u00a0\u00bb][\/vc_column][vc_column width=\u00a0\u00bb1\/4&Prime;][\/vc_column][vc_column width=\u00a0\u00bb1\/4&Prime;][\/vc_column][vc_column width=\u00a0\u00bb1\/4&Prime;][\/vc_column][\/vc_row][vc_row][vc_column][vc_separator][\/vc_column][\/vc_row][vc_row][vc_column][vc_custom_heading text=\u00a0\u00bbTU APORTE, LA EDUCACI\u00d3N DE UN ALUMNO\u00a0\u00bb font_container=\u00a0\u00bbtag:h3|text_align:left\u00a0\u00bb use_theme_fonts=\u00a0\u00bbyes\u00a0\u00bb][vc_column_text]<\/p>\n<ul>\n<li><strong>Virement sur notre compte courant :<\/strong><\/li>\n<\/ul>\n<p>Nom :\u00a0 Corporaci\u00f3n educacional alianza francesa<\/p>\n<p>RUT : 70.005.730-5<\/p>\n<p>Banque : ITAU<\/p>\n<p>Compte courant : 0212070720<\/p>\n<p>Envoyer le re\u00e7u \u00e0 : <strong><a href=\"mailto:fondosolidario@lafase.cl\">fondosolidario@lafase.cl<\/a> et <a href=\"mailto:elizabeth.rodriguez@lafase.cl\">elizabeth.rodriguez@lafase.cl<\/a><\/strong>[\/vc_column_text][vc_column_text]<\/p>\n<ul>\n<li><strong>Faire un don via WebPay en cliquant sur le lien ci-dessous :<\/strong><\/li>\n<\/ul>\n<p>[\/vc_column_text][vc_single_image image=\u00a0\u00bb31289&Prime; img_size=\u00a0\u00bb240&#215;80&Prime; onclick=\u00a0\u00bbcustom_link\u00a0\u00bb img_link_target=\u00a0\u00bb_blank\u00a0\u00bb link=\u00a0\u00bbhttps:\/\/www.webpay.cl\/portalpagodirecto\/pages\/index.jsf\u00a0\u00bb][vc_column_text]<\/p>\n<p class=\"m_-5835137731123770913MsoListParagraph\">1.\u00a0\u00a0\u00a0\u00a0\u00a0\u00a0\u00a0<u><\/u>Ingresar a Webpay.cl<u><\/u><u><\/u><\/p>\n<p class=\"m_-5835137731123770913MsoListParagraph\"><u><\/u>2.\u00a0\u00a0\u00a0\u00a0\u00a0\u00a0\u00a0<u><\/u>Seleccionar en rubros \u201cCOLEGIO\u201d<u><\/u><u><\/u><\/p>\n<p class=\"m_-5835137731123770913MsoListParagraph\"><u><\/u>3.\u00a0\u00a0\u00a0\u00a0\u00a0\u00a0\u00a0<u><\/u>Seleccionar Establecimiento<u><\/u><u><\/u><\/p>\n<p class=\"m_-5835137731123770913MsoListParagraph\"><u><\/u>4.\u00a0\u00a0\u00a0\u00a0\u00a0\u00a0\u00a0<u><\/u>Presionar Continuar<\/p>\n<p>[\/vc_column_text][vc_single_image image=\u00a0\u00bb31367&Prime; img_size=\u00a0\u00bbfull\u00a0\u00bb][vc_column_text]<\/p>\n<p style=\"font-weight: 400;\">Buscar en la lista <strong>\u201cAPORTE FONDO SOLIDARIO\u201d<\/strong><\/p>\n<p>[\/vc_column_text][vc_single_image image=\u00a0\u00bb31363&Prime; img_size=\u00a0\u00bbfull\u00a0\u00bb][vc_column_text]<\/p>\n<p style=\"font-weight: 400;\">Debe completar los datos requeridos y presionar<strong> \u201cPAGAR CON WEBPAY\u201d<\/strong><\/p>\n<p>[\/vc_column_text][vc_single_image image=\u00a0\u00bb31367&Prime; img_size=\u00a0\u00bbfull\u00a0\u00bb][vc_column_text]<\/p>\n<ul>\n<li><strong>CONTACT :<\/strong><\/li>\n<\/ul>\n<p>Si vous souhaitez plus d&rsquo;information, veuillez contacter <strong><a href=\"mailto:fondosolidario@lafase.cl\">fondosolidario@lafase.cl<\/a>\u00a0<\/strong> ou appeler au +56 22 827 8352[\/vc_column_text][\/vc_column][\/vc_row]<\/p>\n<\/section>","protected":false},"excerpt":{"rendered":"<p>[vc_row][vc_column][vc_row_inner][vc_column_inner][vc_message style=\u00a0\u00bbsquare\u00a0\u00bb] Le fonds de solidarit\u00e9 du Lyc\u00e9e Antoine de Saint-Exup\u00e9ry a \u00e9t\u00e9 cr\u00e9\u00e9 en novembre 2019, suite \u00e0 son&nbsp;<a href=\"https:\/\/lafase.cl\/fr\/admision\/fondo-solidario\/\">&hellip;<\/a><\/p>\n","protected":false},"author":2,"featured_media":41380,"parent":2153,"menu_order":3,"comment_status":"closed","ping_status":"closed","template":"","meta":{"om_disable_all_campaigns":false,"_monsterinsights_skip_tracking":false,"_monsterinsights_sitenote_active":false,"_monsterinsights_sitenote_note":"","_monsterinsights_sitenote_category":0},"aioseo_notices":[],"_links":{"self":[{"href":"https:\/\/lafase.cl\/fr\/wp-json\/wp\/v2\/pages\/17260"}],"collection":[{"href":"https:\/\/lafase.cl\/fr\/wp-json\/wp\/v2\/pages"}],"about":[{"href":"https:\/\/lafase.cl\/fr\/wp-json\/wp\/v2\/types\/page"}],"author":[{"embeddable":true,"href":"https:\/\/lafase.cl\/fr\/wp-json\/wp\/v2\/users\/2"}],"replies":[{"embeddable":true,"href":"https:\/\/lafase.cl\/fr\/wp-json\/wp\/v2\/comments?post=17260"}],"version-history":[{"count":48,"href":"https:\/\/lafase.cl\/fr\/wp-json\/wp\/v2\/pages\/17260\/revisions"}],"predecessor-version":[{"id":88811,"href":"https:\/\/lafase.cl\/fr\/wp-json\/wp\/v2\/pages\/17260\/revisions\/88811"}],"up":[{"embeddable":true,"href":"https:\/\/lafase.cl\/fr\/wp-json\/wp\/v2\/pages\/2153"}],"wp:featuredmedia":[{"embeddable":true,"href":"https:\/\/lafase.cl\/fr\/wp-json\/wp\/v2\/media\/41380"}],"wp:attachment":[{"href":"https:\/\/lafase.cl\/fr\/wp-json\/wp\/v2\/media?parent=17260"}],"curies":[{"name":"wp","href":"https:\/\/api.w.org\/{rel}","templated":true}]}}

Fonds de solidarité

<section class="wpb-content-wrapper"><p>[vc_row][vc_column][vc_row_inner][vc_column_inner][vc_message style= »square »]<a href="http://lafase.cl/wp-content/uploads/2021/02/logo_fondo_solidario-1.png"><img decoding="async" loading="lazy" class="alignleft wp-image-30828 size-medium" src="http://lafase.cl/wp-content/uploads/2021/02/logo_fondo_solidario-1-300x289.png" alt="" width="300" height="289" srcset="https://lafase.cl/wp-content/uploads/2021/02/logo_fondo_solidario-1-300x289.png 300w, https://lafase.cl/wp-content/uploads/2021/02/logo_fondo_solidario-1-1024x987.png 1024w, https://lafase.cl/wp-content/uploads/2021/02/logo_fondo_solidario-1.png 1582w" sizes="(max-width: 300px) 100vw, 300px" /></a></p>
<p style="text-align: justify;"><span style="color: #000080;">Le fonds de solidarité du Lycée Antoine de Saint-Exupéry a été créé en novembre 2019, suite à son approbation à l’Assemblée Générale des membres actifs, dans le but de soutenir financièrement les familles qui en ont besoin, à travers une bourse d’étude. Cet apport est une somme en pesos chiliens, qui est attribué à une famille et appliqué sous forme de décompte sur ses frais de colégiature.</span></p>
<p style="text-align: justify;"><span style="color: #000080;">La création de ce fonds est aligné sur les valeurs de notre établissement, que la Corporación Educacional Alianza Francesa cherche à promouvoir et consolider au sein de la communauté à laquelle nous appartenons tous. La fraternité est un des piliers fondamentaux de la République française et fait partie des valeurs essentielles de notre lycée que nous souhaitons transmettre à nos enfants.</span></p>
<p style="text-align: justify;"><span style="color: #000080;">Durant l’année 2021, près de 170 millions de pesos ont été distribués à 158 familles, ce qui représente 263 élèves.</span></p>
<p style="text-align: justify;"><span style="color: #000080;">Le fond de solidarité est financé principalement par l’apport que réalisent tous les membres de notre communauté par le biais de mécanismes divers tels que :</span></p>
<ul style="text-align: justify;">
<li><span style="color: #000080;">Donation d’un pourcentage, défini par le directoire de la Corporación et approuvé par l’Assemblée Générale des membres actifs, des paiements de colégiature mensuels des familles du lycée.</span></li>
<li><span style="color: #000080;">L’apport volontaire des parents d’élèves et des membres de la Corporación</span></li>
<li><span style="color: #000080;">Collecte de fonds au sein d’activités, ou évènements organisés par la Corporación ou le CPA à cette fin.</span></li>
<li><span style="color: #000080;">Contributions d’entreprises</span></li>
<li><span style="color: #000080;">Autres contributions de particuliers ou personnes juridiques extérieures à la communauté scolaire.</span></li>
</ul>
<p style="text-align: justify;"><span style="color: #000080;">La qualification des antécédents et la décision d’attribution d’aide et son montant dépend d’un comité composé notamment d’un assistant social spécialement consacré à cette thématique.</span></p>
<p>[/vc_message][/vc_column_inner][/vc_row_inner][/vc_column][/vc_row][vc_row][vc_column][vc_custom_heading text= »Vous avez besoin d&rsquo;une aide financière temporaire? » font_container= »tag:h3|text_align:left » google_fonts= »font_family:Abel%3Aregular|font_style:400%20regular%3A400%3Anormal »][/vc_column][/vc_row][vc_row][vc_column][vc_column_text]<strong>Nous invitons les familles souhaitant déposer un dossier à envoyer la documentation requise au plus tard le vendredi 20 mars 2026.</strong>[/vc_column_text][/vc_column][/vc_row][vc_row][vc_column width= »1/4&Prime;][vc_btn title= »Règlement Fonds de solidarité » style= »outline » shape= »square » color= »primary » link= »url:https%3A%2F%2Flafase.cl%2Fwp-content%2Fuploads%2F2026%2F04%2FReglamento-Fondo-Solidario.pdf »][/vc_column][vc_column width= »1/4&Prime;][vc_btn title= »Listes des documents » style= »outline » shape= »square » color= »primary » link= »url:https%3A%2F%2Flafase.cl%2Fwp-content%2Fuploads%2F2026%2F03%2FDOCUMENTOS_POSTULACIO%CC%81N_FONDO_SOLIDARIO.pdf »][/vc_column][vc_column width= »1/4&Prime;][vc_btn title= »Formulaire de demande » style= »outline » shape= »square » color= »primary » link= »url:http%3A%2F%2Flafase.cl%2Fwp-content%2Fuploads%2F2023%2F02%2FFormulario-de-Postulaci%C3%B3n.pdf||| »][/vc_column][vc_column width= »1/4&Prime;][vc_btn title= »Instructions dossier impôts » style= »outline » shape= »square » color= »primary » link= »url:http%3A%2F%2Flafase.cl%2Finstructivo-carpeta-tributaria-2%2F||| »][/vc_column][/vc_row][vc_row][vc_column width= »1/4&Prime;][vc_btn title= »Déclaration sur l&rsquo;honneur » style= »outline » shape= »square » color= »primary » link= »url:http%3A%2F%2Flafase.cl%2Fwp-content%2Fuploads%2F2023%2F02%2FCarta-de-Honor.pdf||| »][/vc_column][vc_column width= »1/4&Prime;][/vc_column][vc_column width= »1/4&Prime;][/vc_column][vc_column width= »1/4&Prime;][/vc_column][/vc_row][vc_row][vc_column][vc_separator][/vc_column][/vc_row][vc_row][vc_column][vc_custom_heading text= »TU APORTE, LA EDUCACIÓN DE UN ALUMNO » font_container= »tag:h3|text_align:left » use_theme_fonts= »yes »][vc_column_text]</p>
<ul>
<li><strong>Virement sur notre compte courant :</strong></li>
</ul>
<p>Nom :  Corporación educacional alianza francesa</p>
<p>RUT : 70.005.730-5</p>
<p>Banque : ITAU</p>
<p>Compte courant : 0212070720</p>
<p>Envoyer le reçu à : <strong><a href="mailto:fondosolidario@lafase.cl">fondosolidario@lafase.cl</a> et <a href="mailto:elizabeth.rodriguez@lafase.cl">elizabeth.rodriguez@lafase.cl</a></strong>[/vc_column_text][vc_column_text]</p>
<ul>
<li><strong>Faire un don via WebPay en cliquant sur le lien ci-dessous :</strong></li>
</ul>
<p>[/vc_column_text][vc_single_image image= »31289&Prime; img_size= »240&#215;80&Prime; onclick= »custom_link » img_link_target= »_blank » link= »https://www.webpay.cl/portalpagodirecto/pages/index.jsf »][vc_column_text]</p>
<p class="m_-5835137731123770913MsoListParagraph">1.       <u></u>Ingresar a Webpay.cl<u></u><u></u></p>
<p class="m_-5835137731123770913MsoListParagraph"><u></u>2.       <u></u>Seleccionar en rubros “COLEGIO”<u></u><u></u></p>
<p class="m_-5835137731123770913MsoListParagraph"><u></u>3.       <u></u>Seleccionar Establecimiento<u></u><u></u></p>
<p class="m_-5835137731123770913MsoListParagraph"><u></u>4.       <u></u>Presionar Continuar</p>
<p>[/vc_column_text][vc_single_image image= »31367&Prime; img_size= »full »][vc_column_text]</p>
<p style="font-weight: 400;">Buscar en la lista <strong>“APORTE FONDO SOLIDARIO”</strong></p>
<p>[/vc_column_text][vc_single_image image= »31363&Prime; img_size= »full »][vc_column_text]</p>
<p style="font-weight: 400;">Debe completar los datos requeridos y presionar<strong> “PAGAR CON WEBPAY”</strong></p>
<p>[/vc_column_text][vc_single_image image= »31367&Prime; img_size= »full »][vc_column_text]</p>
<ul>
<li><strong>CONTACT :</strong></li>
</ul>
<p>Si vous souhaitez plus d&rsquo;information, veuillez contacter <strong><a href="mailto:fondosolidario@lafase.cl">fondosolidario@lafase.cl</a> </strong> ou appeler au +56 22 827 8352[/vc_column_text][/vc_column][/vc_row]</p>
</section>

<p>[vc_row][vc_column][vc_row_inner][vc_column_inner][vc_message style= »square »] Le fonds de solidarité du Lycée Antoine de Saint-Exupéry a été créé en novembre 2019, suite à son&nbsp;<a href="https://lafase.cl/fr/admision/fondo-solidario/">&hellip;</a></p>
