{"id":12689,"date":"2019-09-10T08:52:44","date_gmt":"2019-09-10T11:52:44","guid":{"rendered":"http:\/\/lafase.cl\/?page_id=12689"},"modified":"2021-12-16T13:03:55","modified_gmt":"2021-12-16T16:03:55","slug":"ppre","status":"publish","type":"page","link":"https:\/\/lafase.cl\/fr\/ppre\/","title":{"rendered":"PPRE"},"content":{"rendered":"<section class=\"wpb-content-wrapper\"><p>[vc_row][vc_column][vc_custom_heading text=\u00a0\u00bbProgramme personnalis\u00e9 de r\u00e9ussite \u00e9ducative (PPRE)\u00a0\u00bb google_fonts=\u00a0\u00bbfont_family:Sanchez%3Aregular%2Citalic|font_style:400%20regular%3A400%3Anormal\u00a0\u00bb][\/vc_column][\/vc_row][vc_row][vc_column width=\u00a0\u00bb1\/2&Prime;][vc_column_text]<strong><u>Primaire<\/u><\/strong><\/p>\n<p>&nbsp;<\/p>\n<p><strong><u>Qui fait la demande\u00a0?<\/u><\/strong><\/p>\n<p>L\u2019enseignant lors du conseil des ma\u00eetres en fonction des difficult\u00e9s rep\u00e9r\u00e9es \u00e0 travers une fiche de rep\u00e9rage.<\/p>\n<p><strong><u>Qui d\u00e9cide de la mise en place effective du PPRE\u00a0?<\/u><\/strong><\/p>\n<p>Le conseil des ma\u00eetres.<\/p>\n<p><strong><u>Qui r\u00e9dige le PPRE\u00a0?<\/u><\/strong><\/p>\n<p>L\u2019enseignant. La direction, l\u2019\u00e9l\u00e8ve et la famille signent le PPRE.<\/p>\n<p><strong><u>Qui a acc\u00e8s au PPRE\u00a0?<\/u><\/strong><\/p>\n<p>Les enseignants, la famille[\/vc_column_text][\/vc_column][vc_column width=\u00a0\u00bb1\/2&Prime;][vc_column_text]<strong><u>Secondaire<\/u><\/strong><\/p>\n<p>&nbsp;<\/p>\n<p><strong><u>Qui fait la demande\u00a0?<\/u><\/strong><\/p>\n<p>Le professeur principal ou la cellule de veille.<\/p>\n<p><strong><u>Qui d\u00e9cide de la mise en place effective du PPRE\u00a0?<\/u><\/strong><\/p>\n<p>La direction.<\/p>\n<p><strong><u>Qui r\u00e9dige le PPRE\u00a0?<\/u><\/strong><\/p>\n<p>Le professeur principal apr\u00e8s concertation de l\u2019\u00e9quipe p\u00e9dagogique, de la famille et de l\u2019\u00e9l\u00e8ve.<\/p>\n<p><strong><u>Qui a acc\u00e8s au PPRE\u00a0?<\/u><\/strong><\/p>\n<p>L\u2019\u00e9quipe p\u00e9dagogique et la famille.[\/vc_column_text][\/vc_column][\/vc_row][vc_row][vc_column][vc_separator][vc_custom_heading text=\u00a0\u00bbEHP : cas des \u00e9l\u00e8ves \u00e0 haut potentiel\u00a0\u00bb google_fonts=\u00a0\u00bbfont_family:Sanchez%3Aregular%2Citalic|font_style:400%20regular%3A400%3Anormal\u00a0\u00bb][vc_row_inner][vc_column_inner width=\u00a0\u00bb1\/2&Prime;][vc_column_text]<em>Les \u00e9l\u00e8ves \u00e0 haut potentiel intellectuel peuvent b\u00e9n\u00e9ficier d&rsquo;am\u00e9nagements en classe et\/ou dans\u00a0l&rsquo;\u00e9tablissement\u00a0en fonction de leurs besoins. Un PPRE est alors \u00e9tabli afin de d\u00e9finir ces am\u00e9nagements ainsi que les objectifs.<br \/>\n<\/em><\/p>\n<p><em>\u00a0<\/em>[\/vc_column_text][\/vc_column_inner][vc_column_inner width=\u00a0\u00bb1\/2&Prime;][vc_btn title=\u00a0\u00bbPr\u00e9sentation du dispositif EHP\u00a0\u00bb color=\u00a0\u00bbviolet\u00a0\u00bb link=\u00a0\u00bburl:http%3A%2F%2Flafase.cl%2Fwp-content%2Fuploads%2F2021%2F12%2FPr%C3%A9sentation-du-dispositif-EHP.docx.pdf|||\u00a0\u00bb][\/vc_column_inner][\/vc_row_inner][vc_row_inner][vc_column_inner width=\u00a0\u00bb1\/2&Prime;][vc_column_text]<i>Si votre enfant a d\u00e9j\u00e0 effectu\u00e9 un\u00a0<b>bilan complet<\/b>\u00a0chez un(e) professionnel(le) (anamn\u00e8se + WISC V + comptes rendus \u00e9crit et oral d\u00e9taill\u00e9s) et si vous souhaitez qu\u2019il\/elle b\u00e9n\u00e9ficie d&rsquo;am\u00e9nagements, merci de compl\u00e9ter\u00a0<b><u>la fiche d&rsquo;informations<\/u><\/b>\u00a0 et de la faire parvenir\u00a0<b>avec ce bilan\u00a0<\/b>aux personnes indiqu\u00e9es sur cette fiche.\u00a0\u00bb<\/i>[\/vc_column_text][\/vc_column_inner][vc_column_inner width=\u00a0\u00bb1\/2&Prime;][vc_btn title=\u00a0\u00bbFiche d&rsquo;informations dispositif EHP\u00a0\u00bb color=\u00a0\u00bbsky\u00a0\u00bb link=\u00a0\u00bburl:http%3A%2F%2Flafase.cl%2Fwp-content%2Fuploads%2F2021%2F12%2FFiche-dinformations-dispositif-EHP.docx.pdf|||\u00a0\u00bb][\/vc_column_inner][\/vc_row_inner][\/vc_column][\/vc_row][vc_row][vc_column][vc_custom_heading text=\u00a0\u00bbA voir \u00e9galement\u00a0\u00bb font_container=\u00a0\u00bbtag:h3|text_align:left\u00a0\u00bb google_fonts=\u00a0\u00bbfont_family:Playball%3Aregular|font_style:400%20regular%3A400%3Anormal\u00a0\u00bb][vc_masonry_grid post_type=\u00a0\u00bbids\u00a0\u00bb element_width=\u00a0\u00bb3&Prime; grid_id=\u00a0\u00bbvc_gid:1639670593037-e6e02f13-c83d-4&Prime; include=\u00a0\u00bb12556, 12660, 12682, 12676&Prime;][\/vc_column][\/vc_row]<\/p>\n<\/section>","protected":false},"excerpt":{"rendered":"<p>[vc_row][vc_column][vc_custom_heading text=\u00a0\u00bbProgramme personnalis\u00e9 de r\u00e9ussite \u00e9ducative (PPRE)\u00a0\u00bb google_fonts=\u00a0\u00bbfont_family:Sanchez%3Aregular%2Citalic|font_style:400%20regular%3A400%3Anormal\u00a0\u00bb][\/vc_column][\/vc_row][vc_row][vc_column width=\u00a0\u00bb1\/2&Prime;][vc_column_text]Primaire &nbsp; Qui fait la demande\u00a0? L\u2019enseignant lors du conseil des ma\u00eetres&nbsp;<a href=\"https:\/\/lafase.cl\/fr\/ppre\/\">&hellip;<\/a><\/p>\n","protected":false},"author":3,"featured_media":0,"parent":0,"menu_order":0,"comment_status":"closed","ping_status":"closed","template":"","meta":{"om_disable_all_campaigns":false,"_monsterinsights_skip_tracking":false,"_monsterinsights_sitenote_active":false,"_monsterinsights_sitenote_note":"","_monsterinsights_sitenote_category":0},"aioseo_notices":[],"_links":{"self":[{"href":"https:\/\/lafase.cl\/fr\/wp-json\/wp\/v2\/pages\/12689"}],"collection":[{"href":"https:\/\/lafase.cl\/fr\/wp-json\/wp\/v2\/pages"}],"about":[{"href":"https:\/\/lafase.cl\/fr\/wp-json\/wp\/v2\/types\/page"}],"author":[{"embeddable":true,"href":"https:\/\/lafase.cl\/fr\/wp-json\/wp\/v2\/users\/3"}],"replies":[{"embeddable":true,"href":"https:\/\/lafase.cl\/fr\/wp-json\/wp\/v2\/comments?post=12689"}],"version-history":[{"count":4,"href":"https:\/\/lafase.cl\/fr\/wp-json\/wp\/v2\/pages\/12689\/revisions"}],"predecessor-version":[{"id":36778,"href":"https:\/\/lafase.cl\/fr\/wp-json\/wp\/v2\/pages\/12689\/revisions\/36778"}],"wp:attachment":[{"href":"https:\/\/lafase.cl\/fr\/wp-json\/wp\/v2\/media?parent=12689"}],"curies":[{"name":"wp","href":"https:\/\/api.w.org\/{rel}","templated":true}]}}

<section class="wpb-content-wrapper"><p>[vc_row][vc_column][vc_custom_heading text= »Programme personnalisé de réussite éducative (PPRE) » google_fonts= »font_family:Sanchez%3Aregular%2Citalic|font_style:400%20regular%3A400%3Anormal »][/vc_column][/vc_row][vc_row][vc_column width= »1/2&Prime;][vc_column_text]<strong><u>Primaire</u></strong></p>
<p>&nbsp;</p>
<p><strong><u>Qui fait la demande ?</u></strong></p>
<p>L’enseignant lors du conseil des maîtres en fonction des difficultés repérées à travers une fiche de repérage.</p>
<p><strong><u>Qui décide de la mise en place effective du PPRE ?</u></strong></p>
<p>Le conseil des maîtres.</p>
<p><strong><u>Qui rédige le PPRE ?</u></strong></p>
<p>L’enseignant. La direction, l’élève et la famille signent le PPRE.</p>
<p><strong><u>Qui a accès au PPRE ?</u></strong></p>
<p>Les enseignants, la famille[/vc_column_text][/vc_column][vc_column width= »1/2&Prime;][vc_column_text]<strong><u>Secondaire</u></strong></p>
<p>&nbsp;</p>
<p><strong><u>Qui fait la demande ?</u></strong></p>
<p>Le professeur principal ou la cellule de veille.</p>
<p><strong><u>Qui décide de la mise en place effective du PPRE ?</u></strong></p>
<p>La direction.</p>
<p><strong><u>Qui rédige le PPRE ?</u></strong></p>
<p>Le professeur principal après concertation de l’équipe pédagogique, de la famille et de l’élève.</p>
<p><strong><u>Qui a accès au PPRE ?</u></strong></p>
<p>L’équipe pédagogique et la famille.[/vc_column_text][/vc_column][/vc_row][vc_row][vc_column][vc_separator][vc_custom_heading text= »EHP : cas des élèves à haut potentiel » google_fonts= »font_family:Sanchez%3Aregular%2Citalic|font_style:400%20regular%3A400%3Anormal »][vc_row_inner][vc_column_inner width= »1/2&Prime;][vc_column_text]<em>Les élèves à haut potentiel intellectuel peuvent bénéficier d&rsquo;aménagements en classe et/ou dans l&rsquo;établissement en fonction de leurs besoins. Un PPRE est alors établi afin de définir ces aménagements ainsi que les objectifs.<br />
</em></p>
<p><em> </em>[/vc_column_text][/vc_column_inner][vc_column_inner width= »1/2&Prime;][vc_btn title= »Présentation du dispositif EHP » color= »violet » link= »url:http%3A%2F%2Flafase.cl%2Fwp-content%2Fuploads%2F2021%2F12%2FPr%C3%A9sentation-du-dispositif-EHP.docx.pdf||| »][/vc_column_inner][/vc_row_inner][vc_row_inner][vc_column_inner width= »1/2&Prime;][vc_column_text]<i>Si votre enfant a déjà effectué un <b>bilan complet</b> chez un(e) professionnel(le) (anamnèse + WISC V + comptes rendus écrit et oral détaillés) et si vous souhaitez qu’il/elle bénéficie d&rsquo;aménagements, merci de compléter <b><u>la fiche d&rsquo;informations</u></b>  et de la faire parvenir <b>avec ce bilan </b>aux personnes indiquées sur cette fiche. »</i>[/vc_column_text][/vc_column_inner][vc_column_inner width= »1/2&Prime;][vc_btn title= »Fiche d&rsquo;informations dispositif EHP » color= »sky » link= »url:http%3A%2F%2Flafase.cl%2Fwp-content%2Fuploads%2F2021%2F12%2FFiche-dinformations-dispositif-EHP.docx.pdf||| »][/vc_column_inner][/vc_row_inner][/vc_column][/vc_row][vc_row][vc_column][vc_custom_heading text= »A voir également » font_container= »tag:h3|text_align:left » google_fonts= »font_family:Playball%3Aregular|font_style:400%20regular%3A400%3Anormal »][vc_masonry_grid post_type= »ids » element_width= »3&Prime; grid_id= »vc_gid:1639670593037-e6e02f13-c83d-4&Prime; include= »12556, 12660, 12682, 12676&Prime;][/vc_column][/vc_row]</p>
</section>

<p>[vc_row][vc_column][vc_custom_heading text= »Programme personnalisé de réussite éducative (PPRE) » google_fonts= »font_family:Sanchez%3Aregular%2Citalic|font_style:400%20regular%3A400%3Anormal »][/vc_column][/vc_row][vc_row][vc_column width= »1/2&Prime;][vc_column_text]Primaire &nbsp; Qui fait la demande ? L’enseignant lors du conseil des maîtres&nbsp;<a href="https://lafase.cl/fr/ppre/">&hellip;</a></p>
